 u(-5).
12
Let h(p) = 2*p - 30. Let l = 993 + -982. Calculate h(l).
-8
Let b(t) = -t - 23*t**2 - 15*t**2 - 159 + 159. Give b(1).
-39
Let f(r) be the second derivative of -1/2*r**3 + 13*r + 1/2*r**4 + 0 + 5/2*r**2 - 1/20*r**5. Give f(6).
-13
Let w(u) = -46*u**3 + 4*u**2 + 5*u + 4. Let k be w(-2). Let q(g) = -191 + 6*g - 188 + k - g**2. Give q(5).
4
Let l(a) = a**3 + 8*a**2 + a + 10. Let w be l(-8). Let y = -2 + w. Let o(x) = -x**3 - 2*x**2 - 4*x - 4 + 3*x + 3*x + y. Give o(-3).
-1
Let y(s) = 9*s - 41. Let d(u) = 3*u. Let j(c) = -4*d(c) + y(c). Determine j(-16).
7
Let j(s) = s**3 - s**2 - 12*s - 7. Let b(k) = k**3 - 3*k**2 - 13*k - 7. Let q(l) = -3*b(l) + 4*j(l). Let d be -7*2/(-14)*-6. Calculate q(d).
11
Let w(r) = -41*r**2 + 3*r + 82*r**2 + 1 - 4*r + 1 - 42*r**2. Give w(1).
0
Let k(h) be the third derivative of h**5/60 + h**4/12 + h**3/6 + 2*h**2 + 198. What is k(-7)?
36
Let y be (0 - 1)*(0 + 1). Let q(h) be the first derivative of -3*h**2/2 - h + 137. Give q(y).
2
Let z be 6/(-2)*(-27)/9. Suppose z*d - 6*d - 18 = 0. Let k(r) = r - 3. Give k(d).
3
Let k(n) = -n + 18. Let x(a) = 1. Let b(w) = -k(w) + 6*x(w). Give b(0).
-12
Let y(r) = -2*r**2 - r + 3. Let i be (-14)/(-6) - 34/(-51). Determine y(i).
-18
Suppose -18*n - 11 = 7. Let h(u) be the first derivative of 3*u**4/2 - u**3/3 - u**2/2 - u - 2. What is h(n)?
-7
Let f(g) be the second derivative of -g**5/20 + 7*g**4/12 - g**3 + 51*g - 5. Let h(l) = -l**2 + 5*l + 2. Let b be h(4). Determine f(b).
0
Let c(v) be the second derivative of -v**3/6 + 100*v + 1. Suppose 5*w + 24 - 4 = 0. Give c(w).
4
Suppose 506*l - 10 = 505*l. Let z(w) = w**2 - 9*w - 9. Determine z(l).
1
Let k(i) = 5 + 10*i - 2 + i - 10*i + 8*i. Suppose 0 = 5*r - 1 + 11. Determine k(r).
-15
Let o = 10 + -3. Let h(b) = 2*b**2 - 2*b. Let t(u) = -9*u**2 + 2*u + 7. Let s(a) = -5*h(a) - t(a). Determine s(o).
0
Let k(q) = -7*q**3 - 6*q**2 + 7*q - 10. Let y(w) = -w**3 - w**2 + w - 1. Let t(u) = -k(u) + 6*y(u). Suppose 12*c = 17*c. What is t(c)?
4
Let t(u) = -4*u**3 - 4*u**2 + 2*u - 15. Let g(m) = -9*m**3 - 7*m**2 + 3*m - 29. Let d(k) = -3*g(k) + 7*t(k). What is d(-8)?
6
Let p = 235 - 235. Let y(u) be the third derivative of 1/6*u**3 - 1/12*u**5 + 0*u + 0 + p*u**4 - 6*u**2. Give y(-1).
-4
Let a(f) = f**2 + 9*f + 5. Let z = -49 - -83. Let u = -40 + z. Determine a(u).
-13
Let i(h) = 6 - 4 - 1 + 4*h - 2*h - h. What is i(-7)?
-6
Suppose 5*p = -3*t - 19, -12 = 5*t - 2*p - 32. Let f(k) = 12 - t*k**3 + k**3 + 0*k**2 + 4*k - 9 + k**2. Calculate f(-2).
7
Let a(y) = -y**3 - 5*y - 4*y**3 + 9*y**3 - 3*y**3 - 5*y**2. What is a(6)?
6
Let w(d) = -13*d**2 - 6*d - 1. Let a(r) = -11*r**2 - 4*r - 1. Let j(i) = -3*a(i) + 2*w(i). Suppose 4*f = 0, -z = f - 1 + 2. What is j(z)?
8
Let t(b) = 0*b - 47 + 0*b - b + b**2 - 7 + 20. Determine t(0).
-34
Let u(k) = 5*k + 49. Let l = 1730 - 1739. Calculate u(l).
4
Let x(c) be the first derivative of c**3/3 - 4*c**2 + 6*c - 1. Suppose 3*r - n - 92 = -2*n, -3*n - 14 = -r. Suppose r = 3*v + 11. What is x(v)?
-6
Let j(v) = 7*v + 12. Let b(f) = 3*f + 6. Let u(d) = 5*b(d) - 2*j(d). Let x be u(-4). Let l(m) = -m - 12 + 3*m**2 + 11 - 2*m**x. What is l(-1)?
1
Let j be ((-40)/12 - (10 - 15))*-3. Let h(u) = -u**2 - 7*u - 3. Calculate h(j).
7
Let l(g) = -g**3 - 2*g**2 + 5*g - 3. Let a(v) = -v. Let y(z) = -2*z + 4. Let o(b) = 5*a(b) - y(b). Let w be o(0). Calculate l(w).
9
Suppose -3*z - t = -1, 4*t = -3*z + 9*t - 5. Suppose -4*r - 5*s + 57 = z, 3*s = r + 4*s - 13. Let m(g) = -g + 10. What is m(r)?
2
Let w(i) be the third derivative of 1/24*i**4 + 4*i**2 + 0*i - 1/3*i**3 + 0. Let u be (-170)/(-55) + 2/(-22). What is w(u)?
1
Let l(o) = o**2 - 17*o + 15. Let r be l(15). Let t be (-5)/r - 15/(-9). Let z(a) = 15*a**2 + 7*a**t - 5*a - 31*a**2 + 10*a**2 - 5. Give z(5).
-5
Let c = -60 + 181/3. Let o(t) be the third derivative of 0 + t**2 + c*t**3 - 1/60*t**5 + 0*t + 0*t**4. Calculate o(3).
-7
Let x(j) be the third derivative of j**4/24 + 2*j**2. Let y = 202 + -207. What is x(y)?
-5
Let f(j) = -4*j**3 + 4*j**2 - 4*j - 1. Let a(u) = -7*u**3 + 6*u**2 - 6*u - 1. Let z(i) = 2*a(i) - 3*f(i). What is z(1)?
-1
Let o(h) = h**3 + 8*h**2 - 10*h - 3. Let n(m) = m - 12. Let y(i) = -i + 11. Let g be y(8). Let r be n(g). Determine o(r).
6
Let t = 0 - -5. Let v(k) = -5*k - 4. Suppose 5*w + 4*d = -19, 2*w = 5*d + 1 - 2. Let u(a) = a + 1. Let j(g) = w*u(g) - v(g). Give j(t).
11
Let g(a) = a**3 + 4*a**2 - 4*a - 7. Suppose -4*q = -2*y + 28, -3*y - q = -0*q - 14. Let o be (-5)/(-1 + y + -4). Give g(o).
-12
Suppose 64*m + 10*m - 74 = 0. Let n(t) = -15*t + 5. Determine n(m).
-10
Let l(q) = -7*q + 6. Let f(h) = 48*h - 39. Let m(j) = 4*f(j) + 27*l(j). Determine m(-5).
-9
Let f(b) be the second derivative of 5/2*b**2 - 1/3*b**4 + 1/3*b**3 - 1/20*b**5 - b + 0. Let l = -197 + 193. Calculate f(l).
-3
Let u(j) = -121*j**2 - 122*j**2 - 8*j - 124*j**2 + 366*j**2 - 7. Determine u(-3).
8
Let t(x) = x**2 - x. Let w = 23 - 22. Let r(m) = -2*m. Let q(a) = w*t(a) - r(a). Determine q(-3).
6
Let z(q) be the second derivative of q**4/12 - 2*q**3/3 + q. Let w = -9 - -11. Suppose w*k = k + 3. Determine z(k).
-3
Let q(o) be the third derivative of -o**4/4 + o**3/6 + 3*o**2 - 9*o. Suppose -r + 1 = -0*r. What is q(r)?
-5
Let q(i) = -i**3 - 7*i**2 + 26*i + 23. Let u be q(-10). Let n = 58 - u. Let b(j) = 2 - 3 + 3*j + 3*j + j**2. Determine b(n).
-6
Let m(c) = 4*c**3 - 7*c**2 - 9*c + 8. Let h(z) = -z**2 + 2 + 5*z**3 - 10*z - 6*z**2 + 6. Suppose -f - 76 = -70. Let l(n) = f*m(n) + 5*h(n). Determine l(-6).
4
Let l(n) be the first derivative of -n**5/60 - 5*n**4/12 - 2*n**3 - 17*n**2/2 - 9. Let o(k) be the second derivative of l(k). Determine o(-9).
-3
Let m(c) = -13*c**2 + 20*c. Let s(z) = 15*z**2 - 22*z - 1. Let h(y) = 7*m(y) + 6*s(y). What is h(6)?
6
Let d(b) = 2*b**2 + 29*b + 16. Let w(l) = l**2 + 15*l + 8. Let p(g) = 6*d(g) - 11*w(g). Let y(j) = j**3 + 20*j**2 + 15*j - 83. Let v be y(-19). Give p(v).
-6
Let v(u) be the second derivative of u**3/6 + 5*u**2/2 - 6*u. Suppose 42 = 3*a + 30. Calculate v(a).
9
Let t(a) be the second derivative of 0 - 1/20*a**5 - 3*a - 3/2*a**2 + 1/2*a**4 - a**3. Suppose 14 = w + 9. What is t(w)?
-8
Suppose 2*c - 7 + 5 = 0. Let u = c - 4. Let v(a) = a + 3. Calculate v(u).
0
Let a(h) be the second derivative of h**6/60 + h**5/120 + 3*h**3/2 + 9*h. Let p(y) be the second derivative of a(y). Determine p(-1).
5
Let d = 159 - 112. Suppose 5*u = 3*r - d, -3*r - 4*u + 24 + 14 = 0. Let x(a) = -a + 20. What is x(r)?
6
Let h(b) be the second derivative of -1/2*b**2 + 4*b - 1/2*b**3 + 0 - 1/20*b**5 - 5/12*b**4. Determine h(-4).
-5
Let a(f) = f**2 - 4*f - 2. Let k be 4/10 - (-2717)/(-55). Let z = 16 + k. Let d = -29 - z. Determine a(d).
-2
Let q(n) = -19*n**3 + 3*n**3 + 31 - n**3 + 16*n**3 + n**2. Calculate q(0).
31
Suppose 2*z + 5*z - 8*z = 5. Let i(r) = 8 + r**3 - 1 - r**2 + 6*r**2 + r. What is i(z)?
2
Let s(u) be the first derivative of -1/4*u**4 + 2*u**2 + u**3 + 44 + 2*u. Calculate s(4).
2
Let l(w) = -2*w**2 + 3*w + 2. Suppose 17 = -17*q - 0. Determine l(q).
-3
Let q(a) = a**3 - 8*a**2 + 2*a + 8. Let y(w) = 2*w**3 - 15*w**2 + 3*w + 15. Let x(k) = 7*q(k) - 4*y(k). Suppose d + 0 = 3*r - 17, 4*d + 16 = -r. What is x(r)?
4
Let u = -6 - -2. Let g(n) = 16*n**3 - 37*n**2 + 29*n + 7. Let a(f) = 5*f**3 - 12*f**2 + 9*f + 2. Let c(h) = 19*a(h) - 6*g(h). Determine c(u).
-24
Let w(v) = v**3 + 6*v**2 - 7*v + 2. Let j be w(-7). Let n(g) = -j*g - 9 + 3*g - 5*g + 3*g. What is n(-9)?
0
Let v(n) = n**2 - 8*n + 1. Suppose 120 = -16*y + 11*y. Let p = -11 - y. Suppose 0 = -3*w + 5*m + 11, -2*w + 4*m + p = w. What is v(w)?
-6
Let l(k) be the first derivative of -16 + 1/2*k**2 - 1/3*k**3 + 3*k. What is l(0)?
3
Let z(q) = -q**2 - 6 + 1 + 4*q + q. Let f be z(5). Let n(u) be the third derivative of -u**5/60 - u**4/4 + u**3/6 + 273*u**2. Determine n(f).
6
Let c(i) = 19 - 7 - 5*i - 5*i**2 + 4*i**2. What is c(-6)?
6
Let u(h) = -7*h + 18. Let c(t) = 8*t - 21. Let f(p) = -6*c(p) - 7*u(p). Suppose -2*j = 3*j. Determine f(j).
0
Let p(a) = a**2 - 7*a + 8. Let u be p(6). Suppose 0 = u*d - d + 4. Let x(g) = g - 4. Calculate x(d).
-8
Suppose 5*l - 34 - 1 = -q, q + 5 = 5*l. Let v(m) = m**2 - 15*m - 14. Determine v(q).
-14
Let p(r) be the second derivative of r**3/2 - 35*r. Let i = -26 - -23. Determine p(i